{"id":658,"date":"2025-01-19T22:03:26","date_gmt":"2025-01-20T01:03:26","guid":{"rendered":"https:\/\/www.doutoreniomoreira.com.br\/site\/?page_id=658"},"modified":"2025-01-21T10:59:17","modified_gmt":"2025-01-21T13:59:17","slug":"blog","status":"publish","type":"page","link":"https:\/\/www.doutoreniomoreira.com.br\/site\/blog\/","title":{"rendered":"Blog"},"content":{"rendered":"\t\t<div data-elementor-type=\"wp-page\" data-elementor-id=\"658\" class=\"elementor elementor-658\" data-elementor-post-type=\"page\">\n\t\t\t\t<div class=\"elementor-element elementor-element-71327f5 e-flex e-con-boxed lakit-col-width-auto-no e-container e-root-container elementor-top-section e-con e-parent\" data-id=\"71327f5\" data-element_type=\"container\" data-e-type=\"container\" data-settings=\"{&quot;background_background&quot;:&quot;classic&quot;}\">\n\t\t\t\t\t<div class=\"e-con-inner\">\n\t\t\t\t<div class=\"elementor-element elementor-element-f154be0 elementor-widget elementor-widget-heading\" data-id=\"f154be0\" data-element_type=\"widget\" data-e-type=\"widget\" data-widget_type=\"heading.default\">\n\t\t\t\t<div class=\"elementor-widget-container\">\n\t\t\t\t\t<h2 class=\"elementor-heading-title elementor-size-default\">Blog<\/h2>\t\t\t\t<\/div>\n\t\t\t\t<\/div>\n\t\t\t\t\t<\/div>\n\t\t\t\t<\/div>\n\t\t<div class=\"elementor-element elementor-element-96cdabd e-flex e-con-boxed lakit-col-width-auto-no e-container e-root-container elementor-top-section e-con e-parent\" data-id=\"96cdabd\" data-element_type=\"container\" data-e-type=\"container\">\n\t\t\t\t\t<div class=\"e-con-inner\">\n\t\t\t\t<div class=\"elementor-element elementor-element-7545bac elementor-widget elementor-widget-elementskit-blog-posts\" data-id=\"7545bac\" data-element_type=\"widget\" data-e-type=\"widget\" data-widget_type=\"elementskit-blog-posts.default\">\n\t\t\t\t<div class=\"elementor-widget-container\">\n\t\t\t\t\t<div class=\"ekit-wid-con\" >        <div id=\"post-items--7545bac\" class=\"row post-items\">\n                    <div class=\"col-md-12\">\n\n                                    <div class=\"elementskit-blog-block-post\">\n                        <div class=\"row no-gutters\">\n                                                            <div class=\"col-md-6 order-1\">\n                                    <a href=\"https:\/\/www.doutoreniomoreira.com.br\/site\/2025\/01\/20\/direitos-do-paciente-com-cancer\/\" class=\"elementskit-entry-thumb\">\n                                        <img decoding=\"async\" src=\"https:\/\/www.doutoreniomoreira.com.br\/site\/wp-content\/uploads\/2025\/01\/011.png\" alt=\"Direitos do paciente com c\u00e2ncer\">\n                                    <\/a><!-- .elementskit-entry-thumb END -->\n                                <\/div>\n                            \n                            <div class=\"col-md-6 order-2\">\n                                <div class=\"elementskit-post-body \">\n                                    <div class=\"elementskit-entry-header\">\n                                        \n                                                                                                                                        \n                                            \n                                                                                            \t\t\t\t<h2 class=\"entry-title\">\n\t\t\t\t\t<a href=\"https:\/\/www.doutoreniomoreira.com.br\/site\/2025\/01\/20\/direitos-do-paciente-com-cancer\/\">\n\t\t\t\t\t\tDireitos do paciente com c\u00e2ncer\t\t\t\t\t<\/a>\n\t\t\t\t<\/h2>\n\t\t\t                                                                                <\/div><!-- .elementskit-entry-header END -->\n\n                                                                            <div class=\"elementskit-post-footer\">\n                                                                                            <p>Voc\u00ea sabe quais s\u00e3o os direitos do paciente com c\u00e2ncer? \u00c9 importante que tanto o paciente quanto os familiares saibam que indiv\u00edduos nessas condi\u00e7\u00f5es possuem direitos s\u00e9rios, respaldados pela lei. Dentre eles, est\u00e3o: aux\u00edlio-doen\u00e7a, saque do Fundo de Garantia por Tempo de Servi\u00e7o (FGTS) e a possibilidade de Tratamento Fora de Domic\u00edlio (TFD). A seguir, [&hellip;]<\/p>\n                                                                                                                                <\/div><!-- .elementskit-post-footer END -->\n                                                                    <\/div><!-- .elementskit-post-body END -->\n                            <\/div>\n                        <\/div>\n                    <\/div><!-- .elementskit-blog-block-post .radius .gradient-bg END -->\n                \n            <\/div>\n                    <div class=\"col-md-12\">\n\n                                    <div class=\"elementskit-blog-block-post\">\n                        <div class=\"row no-gutters\">\n                                                            <div class=\"col-md-6 order-1\">\n                                    <a href=\"https:\/\/www.doutoreniomoreira.com.br\/site\/2025\/01\/20\/importancia-do-diagnostico-precoce-do-cancer\/\" class=\"elementskit-entry-thumb\">\n                                        <img decoding=\"async\" src=\"https:\/\/www.doutoreniomoreira.com.br\/site\/wp-content\/uploads\/2025\/01\/02-2.png\" alt=\"Import\u00e2ncia do diagn\u00f3stico precoce do c\u00e2ncer\">\n                                    <\/a><!-- .elementskit-entry-thumb END -->\n                                <\/div>\n                            \n                            <div class=\"col-md-6 order-2\">\n                                <div class=\"elementskit-post-body \">\n                                    <div class=\"elementskit-entry-header\">\n                                        \n                                                                                                                                        \n                                            \n                                                                                            \t\t\t\t<h2 class=\"entry-title\">\n\t\t\t\t\t<a href=\"https:\/\/www.doutoreniomoreira.com.br\/site\/2025\/01\/20\/importancia-do-diagnostico-precoce-do-cancer\/\">\n\t\t\t\t\t\tImport\u00e2ncia do diagn\u00f3stico precoce do c\u00e2ncer\t\t\t\t\t<\/a>\n\t\t\t\t<\/h2>\n\t\t\t                                                                                <\/div><!-- .elementskit-entry-header END -->\n\n                                                                            <div class=\"elementskit-post-footer\">\n                                                                                            <p>O c\u00e2ncer faz parte do grupo de doen\u00e7as e agravos n\u00e3o transmiss\u00edveis, principais respons\u00e1veis por adoecimento e morte da popula\u00e7\u00e3o mundial. Em 2018, cerca de 36 milh\u00f5es de \u00f3bitos no mundo aconteceram em decorr\u00eancia de doen\u00e7as n\u00e3o transmiss\u00edveis, sendo que 48% ocorreram por causa de doen\u00e7as cardiovasculares e 21% por c\u00e2ncer. Muitas mortes certamente poderiam [&hellip;]<\/p>\n                                                                                                                                <\/div><!-- .elementskit-post-footer END -->\n                                                                    <\/div><!-- .elementskit-post-body END -->\n                            <\/div>\n                        <\/div>\n                    <\/div><!-- .elementskit-blog-block-post .radius .gradient-bg END -->\n                \n            <\/div>\n                    <div class=\"col-md-12\">\n\n                                    <div class=\"elementskit-blog-block-post\">\n                        <div class=\"row no-gutters\">\n                                                            <div class=\"col-md-6 order-1\">\n                                    <a href=\"https:\/\/www.doutoreniomoreira.com.br\/site\/2025\/01\/20\/cancer-de-colo-de-utero-sintomas-causas-e-tratamento\/\" class=\"elementskit-entry-thumb\">\n                                        <img decoding=\"async\" src=\"https:\/\/www.doutoreniomoreira.com.br\/site\/wp-content\/uploads\/2025\/01\/03-2.png\" alt=\"C\u00e2ncer de colo de \u00fatero: sintomas, causas e tratamento\">\n                                    <\/a><!-- .elementskit-entry-thumb END -->\n                                <\/div>\n                            \n                            <div class=\"col-md-6 order-2\">\n                                <div class=\"elementskit-post-body \">\n                                    <div class=\"elementskit-entry-header\">\n                                        \n                                                                                                                                        \n                                            \n                                                                                            \t\t\t\t<h2 class=\"entry-title\">\n\t\t\t\t\t<a href=\"https:\/\/www.doutoreniomoreira.com.br\/site\/2025\/01\/20\/cancer-de-colo-de-utero-sintomas-causas-e-tratamento\/\">\n\t\t\t\t\t\tC\u00e2ncer de colo de \u00fatero: sintomas, causas e tratamento\t\t\t\t\t<\/a>\n\t\t\t\t<\/h2>\n\t\t\t                                                                                <\/div><!-- .elementskit-entry-header END -->\n\n                                                                            <div class=\"elementskit-post-footer\">\n                                                                                            <p>Tamb\u00e9m denominado c\u00e2ncer cervical, o c\u00e2ncer de colo de \u00fatero \u00e9 o terceiro mais incidente na popula\u00e7\u00e3o feminina, atr\u00e1s apenas do c\u00e2ncer de mama e colorretal.&nbsp; De acordo com o Instituto Nacional do C\u00e2ncer (Inca), s\u00f3 em 2018, mais de 16 mil novos casos foram diagnosticados. A doen\u00e7a acomete, principalmente, mulheres acima dos 25 anos. [&hellip;]<\/p>\n                                                                                                                                <\/div><!-- .elementskit-post-footer END -->\n                                                                    <\/div><!-- .elementskit-post-body END -->\n                            <\/div>\n                        <\/div>\n                    <\/div><!-- .elementskit-blog-block-post .radius .gradient-bg END -->\n                \n            <\/div>\n                    <div class=\"col-md-12\">\n\n                                    <div class=\"elementskit-blog-block-post\">\n                        <div class=\"row no-gutters\">\n                                                            <div class=\"col-md-6 order-1\">\n                                    <a href=\"https:\/\/www.doutoreniomoreira.com.br\/site\/2025\/01\/20\/cancer-de-ovario-sintomas-causas-e-tratamento\/\" class=\"elementskit-entry-thumb\">\n                                        <img decoding=\"async\" src=\"https:\/\/www.doutoreniomoreira.com.br\/site\/wp-content\/uploads\/2025\/01\/04-1.png\" alt=\"C\u00e2ncer de ov\u00e1rio: sintomas, causas e tratamento\">\n                                    <\/a><!-- .elementskit-entry-thumb END -->\n                                <\/div>\n                            \n                            <div class=\"col-md-6 order-2\">\n                                <div class=\"elementskit-post-body \">\n                                    <div class=\"elementskit-entry-header\">\n                                        \n                                                                                                                                        \n                                            \n                                                                                            \t\t\t\t<h2 class=\"entry-title\">\n\t\t\t\t\t<a href=\"https:\/\/www.doutoreniomoreira.com.br\/site\/2025\/01\/20\/cancer-de-ovario-sintomas-causas-e-tratamento\/\">\n\t\t\t\t\t\tC\u00e2ncer de ov\u00e1rio: sintomas, causas e tratamento\t\t\t\t\t<\/a>\n\t\t\t\t<\/h2>\n\t\t\t                                                                                <\/div><!-- .elementskit-entry-header END -->\n\n                                                                            <div class=\"elementskit-post-footer\">\n                                                                                            <p>Voc\u00ea provavelmente sabe que as mulheres possuem dois ov\u00e1rios, os quais est\u00e3o localizados um de cada lado do \u00fatero. Eles t\u00eam fun\u00e7\u00f5es reprodutivas, uma vez que s\u00e3o respons\u00e1veis pela produ\u00e7\u00e3o de \u00f3vulos e horm\u00f4nios sexuais, como progesterona e estr\u00f3geno. O c\u00e2ncer de ov\u00e1rio \u00e9 o segundo tipo de c\u00e2ncer ginecol\u00f3gico mais comum no mundo, ficando [&hellip;]<\/p>\n                                                                                                                                <\/div><!-- .elementskit-post-footer END -->\n                                                                    <\/div><!-- .elementskit-post-body END -->\n                            <\/div>\n                        <\/div>\n                    <\/div><!-- .elementskit-blog-block-post .radius .gradient-bg END -->\n                \n            <\/div>\n                    <div class=\"col-md-12\">\n\n                                    <div class=\"elementskit-blog-block-post\">\n                        <div class=\"row no-gutters\">\n                                                            <div class=\"col-md-6 order-1\">\n                                    <a href=\"https:\/\/www.doutoreniomoreira.com.br\/site\/2025\/01\/20\/o-que-e-uma-cirurgia-minimamente-invasiva\/\" class=\"elementskit-entry-thumb\">\n                                        <img decoding=\"async\" src=\"https:\/\/www.doutoreniomoreira.com.br\/site\/wp-content\/uploads\/2025\/01\/05-1.png\" alt=\"O que \u00e9 uma cirurgia minimamente invasiva\">\n                                    <\/a><!-- .elementskit-entry-thumb END -->\n                                <\/div>\n                            \n                            <div class=\"col-md-6 order-2\">\n                                <div class=\"elementskit-post-body \">\n                                    <div class=\"elementskit-entry-header\">\n                                        \n                                                                                                                                        \n                                            \n                                                                                            \t\t\t\t<h2 class=\"entry-title\">\n\t\t\t\t\t<a href=\"https:\/\/www.doutoreniomoreira.com.br\/site\/2025\/01\/20\/o-que-e-uma-cirurgia-minimamente-invasiva\/\">\n\t\t\t\t\t\tO que \u00e9 uma cirurgia minimamente invasiva\t\t\t\t\t<\/a>\n\t\t\t\t<\/h2>\n\t\t\t                                                                                <\/div><!-- .elementskit-entry-header END -->\n\n                                                                            <div class=\"elementskit-post-footer\">\n                                                                                            <p>As h\u00e9rnias s\u00e3o umas das principais raz\u00f5es cl\u00ednicas que levam as pessoas a se afastarem do trabalho. Na maioria dos casos, elas n\u00e3o causam muitos impactos \u00e0 sa\u00fade do paciente. Contudo, \u00e9 importante que sejam tratadas para evitar o quadro de h\u00e9rnia estrangulada. N\u00e3o sabe o que \u00e9 isso? Ent\u00e3o, continue a leitura do texto [&hellip;]<\/p>\n                                                                                                                                <\/div><!-- .elementskit-post-footer END -->\n                                                                    <\/div><!-- .elementskit-post-body END -->\n                            <\/div>\n                        <\/div>\n                    <\/div><!-- .elementskit-blog-block-post .radius .gradient-bg END -->\n                \n            <\/div>\n                    <div class=\"col-md-12\">\n\n                                    <div class=\"elementskit-blog-block-post\">\n                        <div class=\"row no-gutters\">\n                                                            <div class=\"col-md-6 order-1\">\n                                    <a href=\"https:\/\/www.doutoreniomoreira.com.br\/site\/2025\/01\/19\/videolaparoscopia-o-que-e-e-quando-e-indicada\/\" class=\"elementskit-entry-thumb\">\n                                        <img decoding=\"async\" src=\"https:\/\/www.doutoreniomoreira.com.br\/site\/wp-content\/uploads\/2025\/01\/06-1.png\" alt=\"Videolaparoscopia: o que \u00e9 e quando \u00e9 indicada\">\n                                    <\/a><!-- .elementskit-entry-thumb END -->\n                                <\/div>\n                            \n                            <div class=\"col-md-6 order-2\">\n                                <div class=\"elementskit-post-body \">\n                                    <div class=\"elementskit-entry-header\">\n                                        \n                                                                                                                                        \n                                            \n                                                                                            \t\t\t\t<h2 class=\"entry-title\">\n\t\t\t\t\t<a href=\"https:\/\/www.doutoreniomoreira.com.br\/site\/2025\/01\/19\/videolaparoscopia-o-que-e-e-quando-e-indicada\/\">\n\t\t\t\t\t\tVideolaparoscopia: o que \u00e9 e quando \u00e9 indicada\t\t\t\t\t<\/a>\n\t\t\t\t<\/h2>\n\t\t\t                                                                                <\/div><!-- .elementskit-entry-header END -->\n\n                                                                            <div class=\"elementskit-post-footer\">\n                                                                                            <p>A videolaparoscopia \u00e9 uma t\u00e9cnica que realmente revolucionou a Medicina: multifuncional, ela pode ser usada para fins diagn\u00f3sticos ou terap\u00eauticos, podendo ser aplicada na detec\u00e7\u00e3o e tratamento de diversas enfermidades. A cirurgia videolaparosc\u00f3pica \u00e9 realizada a partir de pequenas incis\u00f5es pelas quais os instrumentos cir\u00fargicos s\u00e3o introduzidos, incluindo a microc\u00e2mera que permitir\u00e1 a visualiza\u00e7\u00e3o da [&hellip;]<\/p>\n                                                                                                                                <\/div><!-- .elementskit-post-footer END -->\n                                                                    <\/div><!-- .elementskit-post-body END -->\n                            <\/div>\n                        <\/div>\n                    <\/div><!-- .elementskit-blog-block-post .radius .gradient-bg END -->\n                \n            <\/div>\n                    <div class=\"col-md-12\">\n\n                                    <div class=\"elementskit-blog-block-post\">\n                        <div class=\"row no-gutters\">\n                                                            <div class=\"col-md-6 order-1\">\n                                    <a href=\"https:\/\/www.doutoreniomoreira.com.br\/site\/2025\/01\/19\/5-beneficios-da-cirurgia-videolaparoscopica\/\" class=\"elementskit-entry-thumb\">\n                                        <img decoding=\"async\" src=\"https:\/\/www.doutoreniomoreira.com.br\/site\/wp-content\/uploads\/2025\/01\/07.png\" alt=\"5 benef\u00edcios da cirurgia videolaparosc\u00f3pica\">\n                                    <\/a><!-- .elementskit-entry-thumb END -->\n                                <\/div>\n                            \n                            <div class=\"col-md-6 order-2\">\n                                <div class=\"elementskit-post-body \">\n                                    <div class=\"elementskit-entry-header\">\n                                        \n                                                                                                                                        \n                                            \n                                                                                            \t\t\t\t<h2 class=\"entry-title\">\n\t\t\t\t\t<a href=\"https:\/\/www.doutoreniomoreira.com.br\/site\/2025\/01\/19\/5-beneficios-da-cirurgia-videolaparoscopica\/\">\n\t\t\t\t\t\t5 benef\u00edcios da cirurgia videolaparosc\u00f3pica\t\t\t\t\t<\/a>\n\t\t\t\t<\/h2>\n\t\t\t                                                                                <\/div><!-- .elementskit-entry-header END -->\n\n                                                                            <div class=\"elementskit-post-footer\">\n                                                                                            <p>Provavelmente voc\u00ea j\u00e1 ouviu falar sobre cirurgia videolaparosc\u00f3pica, certo? Tamb\u00e9m chamada de videolaparoscopia, essa t\u00e9cnica surgiu em 1902, inicialmente como ferramenta diagn\u00f3stica. Aproximadamente oito d\u00e9cadas depois ela passou a ser utilizada com fins terap\u00eauticos, especificamente em tratamentos ginecol\u00f3gicos. Somente anos mais tarde, em 1985, a videolaparoscopia se consolidou como um novo conceito cir\u00fargico. Nesse ano, [&hellip;]<\/p>\n                                                                                                                                <\/div><!-- .elementskit-post-footer END -->\n                                                                    <\/div><!-- .elementskit-post-body END -->\n                            <\/div>\n                        <\/div>\n                    <\/div><!-- .elementskit-blog-block-post .radius .gradient-bg END -->\n                \n            <\/div>\n                <\/div>\n       <\/div>\t\t\t\t<\/div>\n\t\t\t\t<\/div>\n\t\t\t\t\t<\/div>\n\t\t\t\t<\/div>\n\t\t<div class=\"elementor-element elementor-element-20e81f2 e-flex e-con-boxed lakit-col-width-auto-no e-container e-root-container elementor-top-section e-con e-parent\" data-id=\"20e81f2\" data-element_type=\"container\" data-e-type=\"container\">\n\t\t\t\t\t<div class=\"e-con-inner\">\n\t\t\t\t<div class=\"elementor-element elementor-element-8949764 elementor-widget elementor-widget-post-navigation\" data-id=\"8949764\" data-element_type=\"widget\" data-e-type=\"widget\" data-widget_type=\"post-navigation.default\">\n\t\t\t\t<div class=\"elementor-widget-container\">\n\t\t\t\t\t\t\t<div class=\"elementor-post-navigation\">\n\t\t\t<div class=\"elementor-post-navigation__prev elementor-post-navigation__link\">\n\t\t\t\t\t\t\t<\/div>\n\t\t\t\t\t\t<div class=\"elementor-post-navigation__next elementor-post-navigation__link\">\n\t\t\t\t<a href=\"https:\/\/www.doutoreniomoreira.com.br\/site\/2025\/01\/19\/videolaparoscopia-o-que-e-e-quando-e-indicada\/\" rel=\"next\"><span class=\"elementor-post-navigation__link__next\"><span class=\"post-navigation__next--label\">Pr\u00f3ximo<\/span><\/span><\/a>\t\t\t<\/div>\n\t\t<\/div>\n\t\t\t\t\t\t<\/div>\n\t\t\t\t<\/div>\n\t\t\t\t\t<\/div>\n\t\t\t\t<\/div>\n\t\t\t\t<\/div>\n\t\t","protected":false},"excerpt":{"rendered":"<p>Blog Direitos do paciente com c\u00e2ncer Voc\u00ea sabe quais s\u00e3o os direitos do paciente com c\u00e2ncer? \u00c9 importante que tanto o paciente quanto os familiares saibam que indiv\u00edduos nessas condi\u00e7\u00f5es possuem direitos s\u00e9rios, respaldados pela lei. Dentre eles, est\u00e3o: aux\u00edlio-doen\u00e7a, saque do Fundo de Garantia por Tempo de Servi\u00e7o (FGTS) e a possibilidade de Tratamento [&hellip;]<\/p>\n","protected":false},"author":1,"featured_media":0,"parent":0,"menu_order":0,"comment_status":"closed","ping_status":"closed","template":"","meta":{"footnotes":""},"class_list":["post-658","page","type-page","status-publish","hentry"],"_links":{"self":[{"href":"https:\/\/www.doutoreniomoreira.com.br\/site\/wp-json\/wp\/v2\/pages\/658","targetHints":{"allow":["GET"]}}],"collection":[{"href":"https:\/\/www.doutoreniomoreira.com.br\/site\/wp-json\/wp\/v2\/pages"}],"about":[{"href":"https:\/\/www.doutoreniomoreira.com.br\/site\/wp-json\/wp\/v2\/types\/page"}],"author":[{"embeddable":true,"href":"https:\/\/www.doutoreniomoreira.com.br\/site\/wp-json\/wp\/v2\/users\/1"}],"replies":[{"embeddable":true,"href":"https:\/\/www.doutoreniomoreira.com.br\/site\/wp-json\/wp\/v2\/comments?post=658"}],"version-history":[{"count":58,"href":"https:\/\/www.doutoreniomoreira.com.br\/site\/wp-json\/wp\/v2\/pages\/658\/revisions"}],"predecessor-version":[{"id":1045,"href":"https:\/\/www.doutoreniomoreira.com.br\/site\/wp-json\/wp\/v2\/pages\/658\/revisions\/1045"}],"wp:attachment":[{"href":"https:\/\/www.doutoreniomoreira.com.br\/site\/wp-json\/wp\/v2\/media?parent=658"}],"curies":[{"name":"wp","href":"https:\/\/api.w.org\/{rel}","templated":true}]}}